Dec 02 09:55:25.542 INFO testing 3goliad/crondy against master#8940af3cea4a9a9deabcaf843b2f8cad9a83fc61 for beta-1.31-5
Dec 02 09:55:25.542 INFO running `"docker" "create" "-v" "/mnt/big/crater/work/local/target-dirs/beta-1.31-5/worker-1/master#8940af3cea4a9a9deabcaf843b2f8cad9a83fc61:/target:rw,Z" "-v" "/mnt/big/crater/work/local/test-source/worker-1/beta-1.31-5/master#8940af3cea4a9a9deabcaf843b2f8cad9a83fc61:/source:ro,Z" "-v" "/mnt/big/crater/work/local/cargo-home:/cargo-home:ro,Z" "-v" "/mnt/big/crater/work/local/rustup-home:/rustup-home:ro,Z" "-e" "USER_ID=1000" "-e" "SOURCE_DIR=/source" "-e" "USER_ID=1000" "-e" "CMD=cargo +8940af3cea4a9a9deabcaf843b2f8cad9a83fc61-alt build --frozen" "-e" "CARGO_TARGET_DIR=/target" "-e" "CARGO_INCREMENTAL=0" "-e" "RUST_BACKTRACE=full" "-e" "RUSTFLAGS=--cap-lints=warn" "-e" "CARGO_HOME=/cargo-home" "-e" "RUSTUP_HOME=/rustup-home" "-m" "1536M" "--network" "none" "crater"`
Dec 02 09:55:26.649 INFO [stdout] 63469dbade1637f2ca23a48c3003676ab0e015bc834af433a6feb0170f52addc
Dec 02 09:55:26.652 INFO running `"docker" "start" "-a" "63469dbade1637f2ca23a48c3003676ab0e015bc834af433a6feb0170f52addc"`
Dec 02 09:55:27.310 INFO [stderr] usermod: no changes
Dec 02 09:55:27.665 INFO [stderr]    Compiling arc-swap v0.3.1
Dec 02 09:55:27.666 INFO [stderr]    Compiling nom v4.1.1
Dec 02 09:55:27.667 INFO [stderr]    Compiling failure v0.1.3
Dec 02 09:55:28.644 INFO [stderr]    Compiling signal-hook v0.1.5
Dec 02 09:55:30.608 INFO [stderr]    Compiling crondy v0.1.0 (/source)
Dec 02 09:55:33.107 INFO [stderr] error[E0433]: failed to resolve: use of undeclared type or module `thread`
Dec 02 09:55:33.107 INFO [stderr]   --> src/main.rs:89:9
Dec 02 09:55:33.107 INFO [stderr]    |
Dec 02 09:55:33.107 INFO [stderr] 89 |         thread::sleep(wait);
Dec 02 09:55:33.107 INFO [stderr]    |         ^^^^^^ use of undeclared type or module `thread`
Dec 02 09:55:33.107 INFO [stderr] 
Dec 02 09:55:33.107 INFO [stderr] error[E0425]: cannot find value `one_minute` in this scope
Dec 02 09:55:33.107 INFO [stderr]   --> src/main.rs:86:76
Dec 02 09:55:33.107 INFO [stderr]    |
Dec 02 09:55:33.107 INFO [stderr] 86 |         let target = time_running.duration_since(SystemTime::UNIX_EPOCH) + one_minute;
Dec 02 09:55:33.107 INFO [stderr]    |                                                                            ^^^^^^^^^^ not found in this scope
Dec 02 09:55:33.107 INFO [stderr] 
Dec 02 09:55:33.107 INFO [stderr] error[E0425]: cannot find value `one_second` in this scope
Dec 02 09:55:33.107 INFO [stderr]   --> src/main.rs:87:90
Dec 02 09:55:33.107 INFO [stderr]    |
Dec 02 09:55:33.107 INFO [stderr] 87 |         let wait = (target - SystemTime::now().duration_since(SystemTime::UNIX_EPOCH)) + one_second;
Dec 02 09:55:33.107 INFO [stderr]    |                                                                                          ^^^^^^^^^^ not found in this scope
Dec 02 09:55:33.107 INFO [stderr] 
Dec 02 09:55:33.599 INFO [stderr] error[E0369]: binary operation `+` cannot be applied to type `std::result::Result<std::time::Duration, std::time::SystemTimeError>`
Dec 02 09:55:33.599 INFO [stderr]   --> src/main.rs:86:22
Dec 02 09:55:33.599 INFO [stderr]    |
Dec 02 09:55:33.599 INFO [stderr] 86 |         let target = time_running.duration_since(SystemTime::UNIX_EPOCH) + one_minute;
Dec 02 09:55:33.599 INFO [stderr]    |                      ^^^^^^^^^^^^^^^^^^^^^^^^^^^^^^^^^^^^^^^^^^^^^^^^^^^^^^^^^^^^^^^^
Dec 02 09:55:33.599 INFO [stderr]    |
Dec 02 09:55:33.599 INFO [stderr]    = note: an implementation of `std::ops::Add` might be missing for `std::result::Result<std::time::Duration, std::time::SystemTimeError>`
Dec 02 09:55:33.599 INFO [stderr] 
Dec 02 09:55:33.855 INFO [stderr] error: aborting due to 4 previous errors
Dec 02 09:55:33.855 INFO [stderr] 
Dec 02 09:55:33.855 INFO [stderr] Some errors occurred: E0369, E0425, E0433.
Dec 02 09:55:33.855 INFO [stderr] For more information about an error, try `rustc --explain E0369`.
Dec 02 09:55:33.865 INFO [stderr] error: Could not compile `crondy`.
Dec 02 09:55:33.865 INFO [stderr] 
Dec 02 09:55:33.865 INFO [stderr] To learn more, run the command again with --verbose.
Dec 02 09:55:33.866 INFO [stderr] su: No module specific data is present
Dec 02 09:55:34.671 INFO running `"docker" "inspect" "63469dbade1637f2ca23a48c3003676ab0e015bc834af433a6feb0170f52addc"`
Dec 02 09:55:34.883 INFO running `"docker" "rm" "-f" "63469dbade1637f2ca23a48c3003676ab0e015bc834af433a6feb0170f52addc"`
Dec 02 09:55:37.775 INFO [stdout] 63469dbade1637f2ca23a48c3003676ab0e015bc834af433a6feb0170f52addc
